of i**4/6 - i**3/3 + i. Let q(h) = -4*h**2 + 3*h. Let a(r) = 3*q(r) + 5*s(r). Calculate a(-2).
-6
Suppose l + 12 = -2*l. Let q(x) = -2*x**3 + 3*x**2 + 12*x - 7. Let j(h) = -h**3 + h**2 + 6*h - 4. Let u(c) = l*q(c) + 7*j(c). Determine u(6).
0
Let d(n) be the first derivative of -3*n**2/2 - 9*n + 2. Let s(y) = 7*y + 17. Let o(p) = -5*d(p) - 2*s(p). Suppose 4*l + 25 - 5 = 0. Calculate o(l).
6
Let s(q) = -1. Let b(g) = -g + 3. Let a(y) = b(y) + 6*s(y). Let n be a(-5). Suppose -n*d + d = 5. Let v(h) = -h + 2. Give v(d).
7
Suppose -w + 8 = -0*w. Let d be 45/12 + 2/w. Let k(s) = s**3 - 3*s**2 - 2*s - 1. Calculate k(d).
7
Suppose -c - 10 = 2*n + 4*c, 0 = c + 2. Let d(i) be the second derivative of n - 1/6*i**3 - 2*i + 3/2*i**2. Calculate d(3).
0
Let u = -6 + 6. Suppose -3*z + u*z = -n - 28, z = -2*n. Let i(f) = -f + 6. Let t be i(z). Let j(c) = c**2 - 3*c - 3. What is j(t)?
7
Let k be (2/8)/((-4)/(-80))*-1. Let u(q) = q**2 + q. What is u(k)?
20
Let h be -2*(-1)/(4/10). Let x(b) = -b**2 - 4*b**2 + b + 469 + b**3 - 473. What is x(h)?
1
Let a(t) = -2*t + 12. Suppose 4*x - 8 = 24. Determine a(x).
-4
Let p = 16 + 7. Suppose 4*d - 5*g = p, -5*d + 3*g + 32 = -0*d. Let b = d - 12. Let t(z) = -z**3 - 5*z**2 + 3*z + 7. Give t(b).
-8
Let v(n) = -9*n - 7. Let u(z) = 4*z + 3. Let m(f) = f**2 - 3. Let i be m(0). Let s(j) = i*v(j) - 7*u(j). Let d = 3 - 7. What is s(d)?
4
Let f be 13 + -13 + -10 + 2. Let y(g) = -2*g + 1. Give y(f).
17
Let w(f) = f**3 - 4*f**2 + 2*f + 2. Let k be w(3). Let l(d) = -8*d - 3. Let j = 1 + 4. Let h(v) = -9*v - 4. Let m(g) = j*l(g) - 4*h(g). Give m(k).
5
Let m(o) = -5*o**2 + 4*o + 1. Let v(d) = 6*d**2 - 3*d - 1. Let r(g) = 3*m(g) + 4*v(g). Let s be 1/(0 + 2/8). Suppose -2*i + s = -6*i. What is r(i)?
8
Let m(k) be the second derivative of -k**3/2 - k**2/2 + 16*k. Calculate m(-4).
11
Let z(o) = -2*o**3 - 10*o**2 + 5*o + 1. Let q(m) = 3*m**3 + 19*m**2 - 9*m - 1. Let y(t) = -3*q(t) - 5*z(t). Give y(7).
12
Let s(j) = j - 1 + 8*j**2 - 2*j - 4*j**2 + 2*j**2. Let t(h) = -h**2 + 2*h - 1. Let x be t(2). What is s(x)?
6
Suppose 0 = 5*c - 0*c. Let h(a) = -5*a**2 - 1 + 3 + 5*a + 6*a**2 + c*a**2. Determine h(-4).
-2
Let i(l) = -9*l**2 + 6*l - 2. Let b be i(2). Let t = b + 21. Let s(q) = q + 6. Determine s(t).
1
Let z(u) = -u - 6. Let n(h) be the third derivative of -h**5/60 + h**4/6 + 2*h**3 - 4*h**2. Let l be n(6). Determine z(l).
-6
Let n(d) = -d**3 - 6*d**2 + 8*d + 11. Let a(g) = 3*g**3 + 18*g**2 - 24*g - 32. Let x(j) = 4*a(j) + 11*n(j). Give x(-7).
0
Let z(v) = v - 3. Let o(g) = -g + 3. Let i(s) = -4*o(s) - 6*z(s). Determine i(6).
-6
Suppose u = -0*z - 5*z - 26, -4*u - z - 9 = 0. Suppose 3*b - 10 - 2 = 0. Let y(h) = b*h - 4*h + h. Determine y(u).
-1
Let f(l) be the second derivative of -l**3/6 - 3*l**2 - 11*l. Determine f(0).
-6
Suppose -12 = 3*p - 0*p. Let c(r) = -r**3 - 4*r**2 + 3. Let i be c(p). Let b(z) = -z**3 + 3*z**2 - 2*z + 1. What is b(i)?
-5
Let m(o) = -o**3 + 4*o**2 - 2*o + 5. Suppose -30 = -4*c + 5*i, -4*c + 2*c + 5*i + 20 = 0. Suppose 4*d - 21 = -c*x, 3*d - 3*x = -5*x + 14. What is m(d)?
-3
Let f(c) be the first derivative of c**3/3 - 2*c - 5. Let s = -1 + 3. Give f(s).
2
Let z(b) = -b - 3*b + 2*b. Suppose -f + u - 2 = -0, -3*f = -5*u + 14. Suppose -s = -0*s - f. Calculate z(s).
-4
Suppose x + x = 4. Let v be -1 + x + (22 - 0). Suppose -v = -0*k + 2*k - 3*c, 2*c - 22 = 3*k. Let g(y) = y. Give g(k).
-4
Let a(p) be the first derivative of p**4/4 + 4*p**3/3 - 4*p**2 - 7*p - 10. Let f(k) = -2*k + 5. Let s be f(-10). Suppose -b + s = -6*b. What is a(b)?
8
Let j(d) = -3*d**3 - 2*d**2 - 6*d + 5. Let i(r) = -8*r**3 - 7*r**2 - 17*r + 15. Let b(u) = -4*i(u) + 11*j(u). Give b(6).
7
Let d(w) = -20*w - 35. Let b(m) = 7*m + 12. Let l(g) = -17*b(g) - 6*d(g). Determine l(0).
6
Let k(f) = -20 + 3 - 4*f**2 + 9 + 3*f**2. Give k(0).
-8
Let i(t) = -3*t - 1. Let g(s) = s. Let u(o) = 5*g(o) + 3*i(o). Determine u(3).
-15
Let u(k) = 3*k**2 - 1. Let y be 3 - (7 - 0/(-2)). Let l be -1*(3 + y)*1. Calculate u(l).
2
Let l(w) = -2*w + 6. Let u(a) = -4*a + 11. Let i(q) = 7*l(q) - 4*u(q). Determine i(5).
8
Let h = -18 - -7. Let y = h - -5. Let r(i) = i + 7. Give r(y).
1
Let z(m) = -5*m**2 + m**3 - 1 - 2*m + 2 - 2*m**3. Let w(i) = i - 7. Let o be w(6). Let a(j) = 3*j - 1. Let v be a(o). Give z(v).
-7
Let u = 13 + -9. Let j(c) be the first derivative of 4*c - 3 - 3*c**2 + 1/4*c**4 - c**3. What is j(u)?
-4
Let q(h) = h**2 + 9*h + 3. Let v be q(-9). Let k(x) = -2*x - 1 + 8*x**2 - 1 - 7*x**2 + v. Calculate k(4).
9
Let i(f) = f**3 - f**2 + 2*f - 3. Let j be 3 - 0/(-3 - -4). Suppose j = 2*q - 1. Determine i(q).
5
Let x(f) be the third derivative of f**6/360 + 7*f**5/120 + f**4/12 + f**3/3 - 2*f**2. Let t(n) be the first derivative of x(n). Give t(-5).
-8
Let y(o) be the first derivative of -o**3/3 - 3*o**2 + 6*o + 15. Calculate y(-6).
6
Let z(t) = 5 - 2 + t**2 + 2*t + 3*t. Suppose -1 = 3*b + 4*m - 2, -2*b + 10 = 5*m. Determine z(b).
3
Let f(i) = 3*i + 1. Let r(t) = -t. Let g(h) = 2*f(h) + 5*r(h). Determine g(0).
2
Let k(n) be the second derivative of -n**5/20 + 5*n**4/12 - 2*n**3/3 + 7*n. What is k(3)?
6
Let b be 65/15 + (-4)/(-6). Let v(p) be the first derivative of p**3/3 - 7*p**2/2 + 3*p - 1. Give v(b).
-7
Let u(p) be the first derivative of p**2/2 + 8*p + 11. What is u(-4)?
4
Let x = -2 - 2. Let q(z) be the second derivative of -z**5/60 - z**4/6 - z**3/6 + 2*z. Let p(f) be the second derivative of q(f). What is p(x)?
4
Suppose -f + 3 = 2*f. Let i(p) = -4*p**2 + 2*p - 1. Calculate i(f).
-3
Let t(v) = -87*v**2 - 2*v - 8 + 95*v**2 - v**3 - 5*v. Determine t(7).
-8
Let h = -1 + 3. Let z(d) = 1 + 7 - 6*d - 4 + 5*d**h + d**3 + 3. What is z(-6)?
7
Let z(h) = -h**3 - 4*h**2 + 11*h - 9. Let o = 15 - 21. Let r(n) = -n**3 - 2*n**2 + 6*n - 5. Let t(y) = o*z(y) + 11*r(y). Calculate t(-1).
6
Let i(y) = -y. Suppose 3 - 8 = 5*z. Let p(d) = 3*d + 1. Let h(w) = z*p(w) - i(w). Give h(-5).
9
Let j(u) = u + 5. Let l(c) = 2*c + 9. Let f(i) = -11*j(i) + 6*l(i). Determine f(6).
5
Let i be 40/6 - (-8)/(-12). Suppose 0 = 3*r - 0 - i. Let j(a) = -5*a**r - 3 + 7*a - a**3 - 7*a. What is j(-5)?
-3
Let v be -3*(4/(-4) + 0). Let m(f) = 4*f + 2. Calculate m(v).
14
Let f = -2 + 5. Let b(v) be the third derivative of v**5/60 - v**4/6 - v**3/6 - 48*v**2. Give b(f).
-4
Let c(w) = -w**2 + 5*w - 5. Let r = -28 - -33. What is c(r)?
-5
Let g(u) be the first derivative of -u**3/3 + 2*u**2 - 2*u - 1. Let r(i) = 2*i**3 - 32*i**2 + i - 13. Let j be r(16). Calculate g(j).
1
Let o = -20 + 14. Let y(k) = -k**2 - 10*k. Let x be y(o). Suppose u + a + 12 = 5*a, -5*a = u - x. Let g(l) = l**2 - 5. Calculate g(u).
11
Let z = -4 - -2. Let r(b) = -b**2 - 5*b - 2. Let f be r(-4). Let c(s) = 2*s + 6 + 3*s**2 + 0*s - f - 3. Calculate c(z).
9
Let q(l) = -10*l + 4. Suppose 3*w = 5*p + 13, -5*w - 3*p - 2 = -1. Let i(u) = u. Let k(g) = w*q(g) + 12*i(g). Determine k(-5).
-6
Let a(i) = 9*i + 1. Let z(u) = u + 7. Let x be z(0). Let c(d) = -8*d - 2. Let p(l) = x*c(l) + 6*a(l). Let w be p(-6). Let j(n) = -n**2 + 5*n - 5. What is j(w)?
-1
Let j(n) = n**2 - n. Let v(d) = -3*d**2 + 9*d + 7. Let u(y) = -4*j(y) - v(y). Determine u(-5).
-7
Let i(c) = -1 + 2*c + 3 - 1. Let z be 2/(-5) + (-48)/5. Let k = z - -6. What is i(k)?
-7
Let y(c) = c - 3. Let t be -3 + (4 - (-24)/(-4)). Give y(t).
-8
Let b(n) be the third derivative of n**4/8 + n**3 + 4*n**2. Determine b(-7).
-15
Let i(m) = 0*m + 2*m**2 - 3*m**2 - 5 + 5*m. Let n = 42 - 38. What is i(n)?
-1
Suppose 5*u + 1 = -5*b - 9, 2*u - b - 11 = 0. Let v(r) = r - 5. Let n(o) = -o + 6. Let p be 0/(-1) - (2 + 3). Let k(d) = p*n(d) - 6*v(d). What is k(u)?
-3
Let y(r) be the third derivative of -5/24*r**4 + 1/6*r**3 + 4*r**2 + 1/60*r**5 + 0*r + 0. Let c be (2/2 + 2)*1. Determine y(c).
-5
Let k(r) be the first derivative of -6 - 9*r + 1/3*r**3 + 0*r**2. Determine k(0).
-9
Let x = 27 + -24. Let w(o) = -2*o + 12 + 0*o + x*o. Determine w(-8).
4
Let a(y) = -2 + 3 - 2 + y + 10*y**2. Let v be a(1). Let t(r) = -r + 5. Let m be t(v). Let k(p) = -p**2 - 3*p + 3. Calculate k(m).
-7
Let f(v) = 4*v. Let d(r) = -8*r + 1. Let o(c) = -3*d(c) - 7*f(c). Let l(a) = a**2 + 5*a - 8. Let j be l(-6). Calculate o(j).
5
Let z(k) be the third derivative of -1/15*k**5 + 0*k - 5/6*k**3 + 0 + 1/120*k**6 + 4*k**2 - 5/24*k**4. Determ